{"id":809,"date":"2023-09-23T16:36:22","date_gmt":"2023-09-23T17:36:22","guid":{"rendered":"https:\/\/www.prizmaconsulting.hu\/?page_id=809"},"modified":"2023-11-06T21:20:52","modified_gmt":"2023-11-06T22:20:52","slug":"ajanlatok","status":"publish","type":"page","link":"https:\/\/www.prizmaconsulting.hu\/?page_id=809","title":{"rendered":"Aj\u00e1nlatok"},"content":{"rendered":"\n<div class=\"wp-block-columns alignwide is-layout-flex wp-container-core-columns-is-layout-1 wp-block-columns-is-layout-flex\" style=\"margin-bottom:0\">\n<div class=\"wp-block-column has-text-color has-background has-link-color wp-elements-438e798773aa66f50fa5fdeffb74e8ae is-layout-flow wp-block-column-is-layout-flow\" style=\"color:#000000;background-color:#ffe97d;padding-top:2em;padding-right:2em;padding-bottom:2em;padding-left:2em\">\n<h2 class=\"wp-block-heading\" id=\"single\" style=\"font-size:40px\"><strong>Egyedi<\/strong> Aj\u00e1nlat<\/h2>\n\n\n\n<p class=\"has-normal-font-size\" style=\"line-height:1.5\"><strong>Tan\u00e1csad\u00e1s<\/strong>i feladat (projektmunka)<\/p>\n\n\n\n<hr class=\"wp-block-separator has-text-color has-css-opacity has-background is-style-wide\" style=\"background-color:#000000;color:#000000\"\/>\n\n\n\n<ul class=\"has-normal-font-size wp-block-list\">\n<li>Indul\u00f3 felm\u00e9r\u00e9s 2 alkalmas tal\u00e1lkoz\u00e1st jelent, melyet ingyen biztos\u00edtunk. Egy alkalom 1,5 &#8211; 2 \u00f3ra<\/li>\n\n\n\n<li>Ingyenes felm\u00e9r\u00e9s alapj\u00e1n meghat\u00e1rozott feladatokra k\u00e9sz\u00edtett egyedi aj\u00e1nlat<\/li>\n\n\n\n<li>A feladat m\u00e9rete \u00f3r\u00e1ban ker\u00fcl meghat\u00e1roz\u00e1sra<\/li>\n\n\n\n<li>Az aj\u00e1nlat pontosan meghat\u00e1rozza a teljes\u00edt\u00e9s v\u00e1rhat\u00f3 hat\u00e1ridej\u00e9t \u00e9s  az eredm\u00e9nyterm\u00e9k pontos le\u00edr\u00e1s\u00e1t<\/li>\n<\/ul>\n\n\n\n<div class=\"wp-block-buttons alignfull is-horizontal is-content-justification-center is-layout-flex wp-container-core-buttons-is-layout-1 wp-block-buttons-is-layout-flex\">\n<div class=\"wp-block-button has-custom-width wp-block-button__width-100\"><a class=\"wp-block-button__link has-white-color has-text-color has-background no-border-radius wp-element-button\" style=\"background-color:#000000\">HUF 30.000 + \u00c1FA \/ \u00f3ra<\/a><\/div>\n\n\n\n<div class=\"wp-block-button has-custom-width wp-block-button__width-100\"><a class=\"wp-block-button__link has-white-color has-text-color has-background no-border-radius wp-element-button\" style=\"background-color:#000000\">EUR 80 + \u00c1FA \/ \u00f3ra<\/a><\/div>\n<\/div>\n<\/div>\n\n\n\n<div class=\"wp-block-column has-text-color has-background has-link-color wp-elements-5271d20aa58755a2b363d344f1be82f3 is-layout-flow wp-block-column-is-layout-flow\" style=\"color:#000000;background-color:#d1d1e1;padding-top:2em;padding-right:2em;padding-bottom:2em;padding-left:2em\">\n<h2 class=\"wp-block-heading\" id=\"family\" style=\"font-size:40px\">Csomag: 6 <\/h2>\n\n\n\n<p class=\"has-normal-font-size\" style=\"line-height:1.5\"><strong>6 alkalmas Mentoring \/ Coaching<\/strong><\/p>\n\n\n\n<hr class=\"wp-block-separator has-text-color has-alpha-channel-opacity has-background is-style-wide\" style=\"background-color:#000000;color:#000000\"\/>\n\n\n\n<ul class=\"has-normal-font-size wp-block-list\">\n<li>Egy\u00e9ni foglalkoz\u00e1s menedzserek sz\u00e1m\u00e1ra, el\u0151zetesen kiv\u00e1lasztott t\u00e9m\u00e1ban<\/li>\n\n\n\n<li>A foglalkoz\u00e1s \u00f6sszesen 8 alkalomb\u00f3l \u00e1ll. Kezd\u0151 alkalom + Fejleszt\u00e9si munka + Z\u00e1r\u00f3 alkalom<\/li>\n\n\n\n<li>Kezd\u0151 alkalom, 1 X 1,5 &#8211; 2 \u00f3ra: t\u00e9ma meghat\u00e1roz\u00e1sa \u00e9s egy kezdeti \u00e1llapotm\u00e9r\u00e9s, melyet d\u00edjmentesen szolg\u00e1ltatunk<\/li>\n\n\n\n<li>Fejleszt\u00e9si munka, 6 X 1,5 \u00f3ra: t\u00e9ma kifejt\u00e9se, ahol az utols\u00f3 fejleszt\u00e9si alkalom v\u00e9g\u00e9n z\u00e1r\u00f3 \u00e1llapotm\u00e9r\u00e9st is v\u00e9gz\u00fcnk<\/li>\n\n\n\n<li>Z\u00e1r\u00f3 alkalom 1 X 1,5 \u00f3ra: t\u00e9ma lez\u00e1r\u00e1sa, ki\u00e9rt\u00e9kel\u00e9se, m\u00e9r\u00e9si eredm\u00e9nyek ismertet\u00e9se, \u00edr\u00e1sos \u00f6sszefoglal\u00f3 \u00e1tad\u00e1sa<\/li>\n<\/ul>\n\n\n\n<div class=\"wp-block-buttons alignfull is-horizontal is-content-justification-center is-layout-flex wp-container-core-buttons-is-layout-2 wp-block-buttons-is-layout-flex\">\n<div class=\"wp-block-button has-custom-width wp-block-button__width-100 is-style-fill\"><a class=\"wp-block-button__link has-white-color has-text-color has-background no-border-radius wp-element-button\" style=\"background-color:#000000\">HUF 315.000 + \u00c1FA<\/a><\/div>\n\n\n\n<div class=\"wp-block-button has-custom-width wp-block-button__width-100 is-style-fill\"><a class=\"wp-block-button__link has-white-color has-text-color has-background no-border-radius wp-element-button\" style=\"background-color:#000000\">EUR 840 + \u00c1FA<\/a><\/div>\n<\/div>\n<\/div>\n\n\n\n<div class=\"wp-block-column has-text-color has-background has-link-color wp-elements-ad61e5ea088d0048f678e763129f30a4 is-layout-flow wp-block-column-is-layout-flow\" style=\"color:#000000;background-color:#c0ebf1;padding-top:2em;padding-right:2em;padding-bottom:2em;padding-left:2em\">\n<h2 class=\"wp-block-heading\" id=\"patron\" style=\"font-size:40px\">Csomag: 10<\/h2>\n\n\n\n<p class=\"has-normal-font-size\"><strong>10 alkalmas Mentoring \/ Coaching<\/strong><\/p>\n\n\n\n<hr class=\"wp-block-separator has-text-color has-alpha-channel-opacity has-background is-style-wide\" style=\"background-color:#000000;color:#000000\"\/>\n\n\n\n<ul class=\"has-normal-font-size wp-block-list\">\n<li>Egy\u00e9ni foglalkoz\u00e1s menedzserek sz\u00e1m\u00e1ra, el\u0151zetesen kiv\u00e1lasztott t\u00e9m\u00e1ban<\/li>\n\n\n\n<li>A foglalkoz\u00e1s \u00f6sszesen 12 alkalomb\u00f3l \u00e1ll. Kezd\u0151 alkalom + Fejleszt\u00e9si munka + Z\u00e1r\u00f3 alkalom<\/li>\n\n\n\n<li>Kezd\u0151 alkalom, 1 X 1,5 &#8211; 2 \u00f3ra: t\u00e9ma meghat\u00e1roz\u00e1sa \u00e9s egy kezdeti \u00e1llapotm\u00e9r\u00e9s, d\u00edjmentesen szolg\u00e1ltatunk<\/li>\n\n\n\n<li>Fejleszt\u00e9si munka, 8 X 1,5 \u00f3ra: t\u00e9ma kifejt\u00e9se, ahol az utols\u00f3 fejleszt\u00e9si alkalom v\u00e9g\u00e9n z\u00e1r\u00f3 \u00e1llapotm\u00e9r\u00e9st is v\u00e9gz\u00fcnk<\/li>\n\n\n\n<li>Z\u00e1r\u00f3 alkalom, 1 X 1,5 \u00f3ra: t\u00e9ma lez\u00e1r\u00e1sa, ki\u00e9rt\u00e9kel\u00e9se, m\u00e9r\u00e9si eredm\u00e9nyek ismertet\u00e9se, \u00edr\u00e1sos \u00f6sszefoglal\u00f3 \u00e1tad\u00e1sa<\/li>\n<\/ul>\n\n\n\n<div class=\"wp-block-buttons alignfull is-horizontal is-content-justification-center is-layout-flex wp-container-core-buttons-is-layout-3 wp-block-buttons-is-layout-flex\">\n<div class=\"wp-block-button has-custom-width wp-block-button__width-100\"><a class=\"wp-block-button__link has-white-color has-text-color has-background no-border-radius wp-element-button\" style=\"background-color:#000000\">HUF 375.000 + \u00c1FA<\/a><\/div>\n\n\n\n<div class=\"wp-block-button has-custom-width wp-block-button__width-100\"><a class=\"wp-block-button__link has-white-color has-text-color has-background no-border-radius wp-element-button\" style=\"background-color:#000000\">EUR 1.080 + \u00c1FA<\/a><\/div>\n<\/div>\n<\/div>\n<\/div>\n\n\n\n<p class=\"has-small-font-size\">A fenti \u00e1rak eset\u00e9ben az \u00e1rv\u00e1ltoztat\u00e1s jog\u00e1t fenntartjuk!<\/p>\n\n\n\n<p class=\"has-small-font-size\">Az EUR-ban meghat\u00e1rozott d\u00edjak eset\u00e9ben figyelembe vett \u00e1rfolyam: 1 EUR = 375 HUF<\/p>\n\n\n\n<hr class=\"wp-block-separator has-alpha-channel-opacity is-style-wide\"\/>\n\n\n\n<div class=\"wp-block-buttons is-layout-flex wp-block-buttons-is-layout-flex\">\n<div class=\"wp-block-button has-custom-width wp-block-button__width-50 has-custom-font-size alignleft is-style-outline is-style-outline--1\" style=\"font-size:18px\"><a class=\"wp-block-button__link has-white-color has-text-color has-background wp-element-button\" href=\"https:\/\/www.prizmaconsulting.hu\/\" style=\"border-radius:0px;background-color:#117aa7\">Vissza a kezd\u0151oldalra<\/a><\/div>\n\n\n\n<div class=\"wp-block-button has-custom-width wp-block-button__width-50 alignright is-style-fill\"><a class=\"wp-block-button__link has-white-color has-text-color has-background wp-element-button\" href=\"https:\/\/www.prizmaconsulting.hu\/?page_id=356\" style=\"border-radius:0px;background-color:#117aa7\">Aj\u00e1nlatk\u00e9r\u00e9s<\/a><\/div>\n<\/div>\n","protected":false},"excerpt":{"rendered":"<p>Egyedi Aj\u00e1nlat Tan\u00e1csad\u00e1si feladat (projektmunka) Csomag: 6 6 alkalmas Mentoring \/ Coaching Csomag: 10 10 alkalmas Mentoring \/ Coaching A fenti \u00e1rak eset\u00e9ben az \u00e1rv\u00e1ltoztat\u00e1s jog\u00e1t fenntartjuk! Az EUR-ban meghat\u00e1rozott &#8230;<\/p>\n","protected":false},"author":1,"featured_media":406,"parent":0,"menu_order":0,"comment_status":"closed","ping_status":"closed","template":"","meta":{"_themeisle_gutenberg_block_has_review":false,"_ti_tpc_template_sync":false,"_ti_tpc_template_id":"","footnotes":""},"class_list":["post-809","page","type-page","status-publish","has-post-thumbnail","hentry"],"_links":{"self":[{"href":"https:\/\/www.prizmaconsulting.hu\/index.php?rest_route=\/wp\/v2\/pages\/809","targetHints":{"allow":["GET"]}}],"collection":[{"href":"https:\/\/www.prizmaconsulting.hu\/index.php?rest_route=\/wp\/v2\/pages"}],"about":[{"href":"https:\/\/www.prizmaconsulting.hu\/index.php?rest_route=\/wp\/v2\/types\/page"}],"author":[{"embeddable":true,"href":"https:\/\/www.prizmaconsulting.hu\/index.php?rest_route=\/wp\/v2\/users\/1"}],"replies":[{"embeddable":true,"href":"https:\/\/www.prizmaconsulting.hu\/index.php?rest_route=%2Fwp%2Fv2%2Fcomments&post=809"}],"version-history":[{"count":7,"href":"https:\/\/www.prizmaconsulting.hu\/index.php?rest_route=\/wp\/v2\/pages\/809\/revisions"}],"predecessor-version":[{"id":1441,"href":"https:\/\/www.prizmaconsulting.hu\/index.php?rest_route=\/wp\/v2\/pages\/809\/revisions\/1441"}],"wp:featuredmedia":[{"embeddable":true,"href":"https:\/\/www.prizmaconsulting.hu\/index.php?rest_route=\/wp\/v2\/media\/406"}],"wp:attachment":[{"href":"https:\/\/www.prizmaconsulting.hu\/index.php?rest_route=%2Fwp%2Fv2%2Fmedia&parent=809"}],"curies":[{"name":"wp","href":"https:\/\/api.w.org\/{rel}","templated":true}]}}