{"id":796,"date":"2023-09-23T13:18:08","date_gmt":"2023-09-23T14:18:08","guid":{"rendered":"https:\/\/www.prizmaconsulting.hu\/?page_id=796"},"modified":"2023-11-06T21:18:29","modified_gmt":"2023-11-06T22:18:29","slug":"fenntarthatosag","status":"publish","type":"page","link":"https:\/\/www.prizmaconsulting.hu\/?page_id=796","title":{"rendered":"Fenntarthat\u00f3s\u00e1g"},"content":{"rendered":"\n<p><\/p>\n\n\n\n<blockquote class=\"wp-block-quote is-layout-flow wp-block-quote-is-layout-flow\">\n<p style=\"font-size:18px\">&#8222;Els\u0151rend\u0171 c\u00e9l, hogy a v\u00e1llalkoz\u00e1s profitot termeljen. De bolond, aki azt hiszi, hogy csak ez a c\u00e9l. Hiszen egy hossz\u00fa t\u00e1v\u00fa c\u00e9lt kell k\u00f6vetnie, hogy fenntarthat\u00f3ak legyenek a folyamatok, hogy a fejleszt\u00e9sre is jusson, mert az a holnapot biztos\u00edtja, a strat\u00e9gi\u00e1ra is kell p\u00e9nz, mert az a holnaput\u00e1n. Nem foglalkozhat csak a m\u00e1val, mert akkor a holnap \u00f6ssze fog omlani.&#8221;<\/p>\n\n\n\n<p style=\"font-size:18px\">K\u00fcrti S\u00e1ndor (\u00fczletember, a K\u00dcRT Zrt. alap\u00edt\u00f3ja)<\/p>\n<\/blockquote>\n\n\n\n<h2 class=\"wp-block-heading\">Mit jelent a Fenntarthat\u00f3s\u00e1g?<\/h2>\n\n\n\n<div class=\"wp-block-media-text is-stacked-on-mobile\" style=\"font-size:18px\"><figure class=\"wp-block-media-text__media\"><img fetchpriority=\"high\" decoding=\"async\" width=\"1024\" height=\"682\" src=\"https:\/\/mlmuispqghfu.i.optimole.com\/w:1024\/h:682\/q:mauto\/f:best\/http:\/\/www.prizmaconsulting.hu\/wp-content\/uploads\/2019\/06\/tree-3822149_1920.jpg\" alt=\"\" class=\"wp-image-421 size-full\" srcset=\"https:\/\/mlmuispqghfu.i.optimole.com\/w:1024\/h:682\/q:mauto\/f:best\/https:\/\/www.prizmaconsulting.hu\/wp-content\/uploads\/2019\/06\/tree-3822149_1920.jpg 1024w, https:\/\/mlmuispqghfu.i.optimole.com\/w:300\/h:200\/q:mauto\/f:best\/https:\/\/www.prizmaconsulting.hu\/wp-content\/uploads\/2019\/06\/tree-3822149_1920.jpg 300w, https:\/\/mlmuispqghfu.i.optimole.com\/w:768\/h:511\/q:mauto\/f:best\/https:\/\/www.prizmaconsulting.hu\/wp-content\/uploads\/2019\/06\/tree-3822149_1920.jpg 768w, https:\/\/mlmuispqghfu.i.optimole.com\/w:auto\/h:auto\/q:mauto\/f:best\/https:\/\/www.prizmaconsulting.hu\/wp-content\/uploads\/2019\/06\/tree-3822149_1920.jpg 1920w\" sizes=\"(max-width: 1024px) 100vw, 1024px\" \/><\/figure><div class=\"wp-block-media-text__content\">\n<p><strong>Ma a <\/strong><strong>fenntarthat\u00f3s\u00e1g<\/strong><strong> <\/strong><strong>azt<\/strong><strong> <\/strong><strong>jelenti<\/strong><strong>, <\/strong><strong>hogy<\/strong><strong> a <\/strong><strong>t\u00e1rsadalomnak<\/strong><strong> a <\/strong><strong>j\u00f6v\u0151<\/strong><strong> <\/strong><strong>gener\u00e1ci\u00f3inak<\/strong><strong> <\/strong><strong>vesz\u00e9lyeztet\u00e9se<\/strong><strong> <\/strong><strong>n\u00e9lk\u00fcl<\/strong><strong> <\/strong><strong>kell<\/strong><strong> <\/strong><strong>kiel\u00e9g\u00edtenie<\/strong><strong> <\/strong><strong>sz\u00fcks\u00e9gleteit<\/strong><strong>.<\/strong><\/p>\n\n\n\n<p><em>Ez biztos\u00edtja a folyamatos \u00f6kol\u00f3giai egyens\u00falyt.<\/em><\/p>\n\n\n\n<p>A fenntarthat\u00f3s\u00e1g fogalma az erd\u0151gazd\u00e1lkod\u00e1sb\u00f3l sz\u00e1rmazik. Azt \u00edrja el\u0151, hogy csak annyit szabad elfogyasztani, amennyit \u00fajra lehet termeszteni.<\/p>\n<\/div><\/div>\n\n\n\n<p><\/p>\n\n\n\n<hr class=\"wp-block-separator alignwide has-alpha-channel-opacity is-style-wide\"\/>\n\n\n\n<h2 class=\"wp-block-heading\">Hogyan \u00e9p\u00fcl be a gazdas\u00e1gi \u00e9letbe \u00e9s a v\u00e1llalatba?<\/h2>\n\n\n\n<div class=\"wp-block-columns is-layout-flex wp-container-core-columns-is-layout-1 wp-block-columns-is-layout-flex\">\n<div class=\"wp-block-column is-layout-flow wp-block-column-is-layout-flow\">\n<h3 class=\"wp-block-heading\">ESG: a h\u00e1rom pill\u00e9r<\/h3>\n\n\n<div class=\"wp-block-image\">\n<figure class=\"aligncenter size-full is-resized\"><img fetchpriority=\"high\" decoding=\"async\" width=\"812\" height=\"590\" src=\"https:\/\/mlmuispqghfu.i.optimole.com\/w:auto\/h:auto\/q:mauto\/f:best\/http:\/\/www.prizmaconsulting.hu\/wp-content\/uploads\/2023\/08\/3piller_fenntarthatosag.png\" alt=\"\" class=\"wp-image-798\" style=\"width:202px;height:147px\" srcset=\"https:\/\/mlmuispqghfu.i.optimole.com\/w:auto\/h:auto\/q:mauto\/f:best\/https:\/\/www.prizmaconsulting.hu\/wp-content\/uploads\/2023\/08\/3piller_fenntarthatosag.png 812w, https:\/\/mlmuispqghfu.i.optimole.com\/w:300\/h:218\/q:mauto\/f:best\/https:\/\/www.prizmaconsulting.hu\/wp-content\/uploads\/2023\/08\/3piller_fenntarthatosag.png 300w, https:\/\/mlmuispqghfu.i.optimole.com\/w:768\/h:558\/q:mauto\/f:best\/https:\/\/www.prizmaconsulting.hu\/wp-content\/uploads\/2023\/08\/3piller_fenntarthatosag.png 768w\" sizes=\"(max-width: 812px) 100vw, 812px\" \/><\/figure><\/div>\n\n\n<p style=\"font-size:15px\"><strong>Az ESG azt \u00edrja le, hogy egy v\u00e1llalat hogyan veszi figyelembe a k\u00f6rnyezeti, t\u00e1rsadalmi \u00e9s ir\u00e1ny\u00edt\u00e1si szempontokat a m\u0171k\u00f6d\u00e9s\u00e9nek minden ter\u00fclet\u00e9n.<\/strong><\/p>\n\n\n\n<p style=\"font-size:15px\">Megmutatja, hogy a v\u00e1llalat milyen m\u00e9rt\u00e9kben j\u00e1rul hozz\u00e1 akt\u00edvan a fenntarthat\u00f3s\u00e1ghoz, azaz milyen a fenntarthat\u00f3s\u00e1gi teljes\u00edtm\u00e9nye, \u00e9s ez milyen hat\u00e1ssal van a k\u00f6rnyezet\u00e9re.<\/p>\n\n\n\n<p style=\"font-size:15px\">A befektet\u0151k \u00e9s a bankok egy v\u00e1llalat \u00e9rt\u00e9kel\u00e9se sor\u00e1n ezeket a krit\u00e9riumokat sz\u00e1mos min\u0151s\u00edt\u00e9sben \u00e9s elemz\u00e9sben veszik figyelembe.<\/p>\n<\/div>\n\n\n\n<div class=\"wp-block-column is-layout-flow wp-block-column-is-layout-flow\">\n<h3 class=\"wp-block-heading\">CSG: V\u00e1llalati T\u00e1rsadalmi Felel\u0151ss\u00e9gv\u00e1llal\u00e1s<\/h3>\n\n\n<div class=\"wp-block-image\">\n<figure class=\"aligncenter size-large is-resized\"><img fetchpriority=\"high\" decoding=\"async\" width=\"1024\" height=\"284\" src=\"https:\/\/mlmuispqghfu.i.optimole.com\/w:1024\/h:284\/q:mauto\/f:best\/https:\/\/www.prizmaconsulting.hu\/wp-content\/uploads\/2023\/08\/CSG_elonyok.png\" alt=\"\" class=\"wp-image-800\" style=\"width:406px;height:113px\" srcset=\"https:\/\/mlmuispqghfu.i.optimole.com\/w:1024\/h:284\/q:mauto\/f:best\/https:\/\/www.prizmaconsulting.hu\/wp-content\/uploads\/2023\/08\/CSG_elonyok.png 1024w, https:\/\/mlmuispqghfu.i.optimole.com\/w:300\/h:83\/q:mauto\/f:best\/https:\/\/www.prizmaconsulting.hu\/wp-content\/uploads\/2023\/08\/CSG_elonyok.png 300w, https:\/\/mlmuispqghfu.i.optimole.com\/w:768\/h:213\/q:mauto\/f:best\/https:\/\/www.prizmaconsulting.hu\/wp-content\/uploads\/2023\/08\/CSG_elonyok.png 768w, https:\/\/mlmuispqghfu.i.optimole.com\/w:auto\/h:auto\/q:mauto\/f:best\/https:\/\/www.prizmaconsulting.hu\/wp-content\/uploads\/2023\/08\/CSG_elonyok.png 1188w\" sizes=\"(max-width: 1024px) 100vw, 1024px\" \/><\/figure><\/div>\n\n\n<p style=\"font-size:15px\">A v\u00e1llalati t\u00e1rsadalmi felel\u0151ss\u00e9gv\u00e1llal\u00e1s (CSR) az \u00f6nszab\u00e1lyoz\u00e1s egyik form\u00e1ja, amely t\u00fckr\u00f6zi a v\u00e1llalat felel\u0151ss\u00e9g\u00e9t \u00e9s elk\u00f6telezetts\u00e9g\u00e9t a k\u00f6rnyezeti \u00e9s t\u00e1rsadalmi int\u00e9zked\u00e9sek ir\u00e1nt.<\/p>\n\n\n\n<p style=\"font-size:15px\">Ezeket az int\u00e9zked\u00e9seket a k\u00f6z\u00f6ss\u00e9gek \u00e9s a t\u00e1rsadalom j\u00f3l\u00e9te \u00e9rdek\u00e9ben hajtj\u00e1k v\u00e9gre.<\/p>\n\n\n\n<p style=\"font-size:15px\"><strong>A CSR \u00e9s az ESG elt\u00e9r\u0151 fogalmak, melyeknek elt\u00e9r\u0151 f\u00f3kusza \u00e9s c\u00e9lcsoportja van. Az ESG a CSR egyik alapvet\u0151 eleme!<\/strong><\/p>\n<\/div>\n<\/div>\n\n\n\n<h3 class=\"wp-block-heading\">E &#8211; mint Environment, azaz K\u00f6rnyezet<\/h3>\n\n\n\n<p style=\"font-size:18px\"><strong>A <\/strong><strong>k\u00f6rnyezet vagy \u00f6kosziszt\u00e9ma az \u00e9l\u0151 \u00e9s nem \u00e9l\u0151 dolgok \u00f6sszetett rendszere, amelyben az anyagok \u00e9s az energia k\u00f6rforg\u00e1sa t\u00f6rt\u00e9nik. Az \u00f6kosziszt\u00e9ma az alapja annak, hogy az \u00e9let fennmaradhat a F\u00f6ld\u00f6n.<\/strong><\/p>\n\n\n\n<p style=\"font-size:18px\">A fenntarthat\u00f3s\u00e1g alapja az \u00f6kosziszt\u00e9ma, amelynek meg\u0151rz\u00e9se kulcsfontoss\u00e1g\u00fa a fenntarthat\u00f3 fejl\u0151d\u00e9s szempontj\u00e1b\u00f3l.<\/p>\n\n\n\n<div class=\"wp-block-columns is-layout-flex wp-container-core-columns-is-layout-2 wp-block-columns-is-layout-flex\">\n<div class=\"wp-block-column is-layout-flow wp-block-column-is-layout-flow\"><div class=\"wp-block-image\">\n<figure class=\"aligncenter size-full\"><img data-opt-src=\"https:\/\/mlmuispqghfu.i.optimole.com\/w:auto\/h:auto\/q:mauto\/f:best\/http:\/\/www.prizmaconsulting.hu\/wp-content\/uploads\/2023\/09\/environment.png\"  decoding=\"async\" width=\"446\" height=\"447\" src=\"data:image/svg+xml,%3Csvg%20viewBox%3D%220%200%20100%%20100%%22%20width%3D%22100%%22%20height%3D%22100%%22%20xmlns%3D%22http%3A%2F%2Fwww.w3.org%2F2000%2Fsvg%22%3E%3Crect%20width%3D%22100%%22%20height%3D%22100%%22%20fill%3D%22transparent%22%2F%3E%3C%2Fsvg%3E\" alt=\"\" class=\"wp-image-1171\" old-srcset=\"https:\/\/mlmuispqghfu.i.optimole.com\/w:auto\/h:auto\/q:mauto\/f:best\/https:\/\/www.prizmaconsulting.hu\/wp-content\/uploads\/2023\/09\/environment.png 446w, https:\/\/mlmuispqghfu.i.optimole.com\/w:300\/h:300\/q:mauto\/f:best\/https:\/\/www.prizmaconsulting.hu\/wp-content\/uploads\/2023\/09\/environment.png 300w, https:\/\/mlmuispqghfu.i.optimole.com\/w:150\/h:150\/q:mauto\/rt:fill\/g:ce\/f:best\/https:\/\/www.prizmaconsulting.hu\/wp-content\/uploads\/2023\/09\/environment.png 150w\" \/><\/figure><\/div><\/div>\n\n\n\n<div class=\"wp-block-column is-layout-flow wp-block-column-is-layout-flow\">\n<ul class=\"wp-block-list\" style=\"font-size:16px\">\n<li><strong>Energiafelhaszn\u00e1l\u00e1s: <\/strong>fontos, hogy a v\u00e1llalat milyen, \u00e9s mennyi energi\u00e1t haszn\u00e1l fel m\u0171k\u00f6d\u00e9se sor\u00e1n. Energia n\u00e9lk\u00fcl nincs el\u0151\u00e1ll\u00edtott term\u00e9k, de mindig van egy jobb megold\u00e1s. <\/li>\n\n\n\n<li><strong>Talaj, v\u00edz \u00e9s leveg\u0151<\/strong>: \u00edgy egy\u00fcttesen tekinthet\u00fcnk r\u00e1juk, mint a k\u00f6rnyezetv\u00e9delem meg\u0151rzend\u0151 alak\u00f6veire. Fontos tudatosan felm\u00e9rni azt, hogy mennyit haszn\u00e1lunk bel\u0151l\u00fck, illetve, hogy mennyire szennyezz\u00fck \u0151ket m\u0171k\u00f6d\u00e9s\u00fcnk sor\u00e1n.<\/li>\n\n\n\n<li><strong>K\u00f6rnyezetv\u00e9delem<\/strong>: Az olyan int\u00e9zked\u00e9sek, amelyek meg\u00f3vj\u00e1k az \u00f6kosziszt\u00e9m\u00e1t \u00e9s a k\u00f6rnyezetet a k\u00e1ros hat\u00e1sokt\u00f3l, p\u00e9ld\u00e1ul a v\u00edz- \u00e9s a leveg\u0151szennyez\u00e9s elleni k\u00fczdelem, az erd\u0151k v\u00e9delme \u00e9s a term\u00e9szetes \u00e9l\u0151helyek meg\u0151rz\u00e9se.<\/li>\n<\/ul>\n<\/div>\n<\/div>\n\n\n\n<h3 class=\"wp-block-heading\">S &#8211; mint Social, azaz T\u00e1rsadalom<\/h3>\n\n\n\n<p style=\"font-size:18px\">A fenntarthat\u00f3 t\u00e1rsadalmi fejl\u0151d\u00e9s c\u00e9lja az, hogy biztos\u00edtsa az emberek j\u00f3l\u00e9t\u00e9t \u00e9s boldogul\u00e1s\u00e1t, mik\u00f6zben biztos\u00edtja a k\u00f6rnyezetv\u00e9delmet \u00e9s a j\u00f6v\u0151 gener\u00e1ci\u00f3k \u00e9rdekeit is szem el\u0151tt tartja.<\/p>\n\n\n\n<p style=\"font-size:18px\">A fenntarthat\u00f3 t\u00e1rsadalom az emberek k\u00f6z\u00f6tti egy\u00fcttm\u0171k\u00f6d\u00e9sen, a t\u00e1rsadalmi igazs\u00e1goss\u00e1gon \u00e9s a t\u00e1rsadalmi felel\u0151ss\u00e9gv\u00e1llal\u00e1son alapul.<\/p>\n\n\n\n<div class=\"wp-block-columns is-layout-flex wp-container-core-columns-is-layout-3 wp-block-columns-is-layout-flex\">\n<div class=\"wp-block-column is-layout-flow wp-block-column-is-layout-flow\">\n<ul class=\"wp-block-list\">\n<li style=\"font-size:16px\"><strong>Szoci\u00e1lis igazs\u00e1goss\u00e1g<\/strong>: t\u00e1rsadalmi rendszer, amelyben minden embernek azonos jogai \u00e9s lehet\u0151s\u00e9gei vannak, \u00e9s amelyek nem k\u00e1ros\u00edtj\u00e1k az emberi eg\u00e9szs\u00e9get.<\/li>\n\n\n\n<li style=\"font-size:16px\"><strong>T\u00e1rsadalmi felel\u0151ss\u00e9gv\u00e1llal\u00e1s<\/strong>: int\u00e9zked\u00e9sek, amelyek lehet\u0151v\u00e9 teszik a v\u00e1llalkoz\u00e1soknak \u00e9s az int\u00e9zm\u00e9nyeknek, hogy t\u00e1mogass\u00e1k a k\u00f6rnyezetv\u00e9delmet \u00e9s a t\u00e1rsadalmi fejl\u0151d\u00e9st.<\/li>\n\n\n\n<li style=\"font-size:16px\"><strong>Eg\u00e9szs\u00e9g\u00fcgy \u00e9s oktat\u00e1s<\/strong>: szolg\u00e1ltat\u00e1sok, amelyek biztos\u00edtj\u00e1k az emberek eg\u00e9szs\u00e9g\u00e9t \u00e9s j\u00f3l\u00e9t\u00e9t, valamint a lehet\u0151s\u00e9get az oktat\u00e1sra \u00e9s az \u00e9lethosszig tart\u00f3 tanul\u00e1sra.<\/li>\n\n\n\n<li style=\"font-size:16px\"><strong>T\u00e1rsadalmi egy\u00fcttm\u0171k\u00f6d\u00e9s<\/strong>: t\u00e1rsadalmi szervez\u0151d\u00e9sek \u00e9s kezdem\u00e9nyez\u00e9sek, amelyek az egy\u00fcttm\u0171k\u00f6d\u00e9sen \u00e9s az \u00f6nk\u00e9ntess\u00e9gen alapulnak, c\u00e9ljuk a k\u00f6rnyezetv\u00e9delem \u00e9s a t\u00e1rsadalmi fejl\u0151d\u00e9s el\u0151mozd\u00edt\u00e1sa.<\/li>\n<\/ul>\n<\/div>\n\n\n\n<div class=\"wp-block-column is-layout-flow wp-block-column-is-layout-flow\">\n<p style=\"font-size:16px\"><\/p>\n\n\n<div class=\"wp-block-image\">\n<figure class=\"aligncenter size-full is-resized\"><img data-opt-src=\"https:\/\/mlmuispqghfu.i.optimole.com\/w:auto\/h:auto\/q:mauto\/f:best\/http:\/\/www.prizmaconsulting.hu\/wp-content\/uploads\/2023\/09\/scial.png\"  decoding=\"async\" width=\"446\" height=\"446\" src=\"data:image/svg+xml,%3Csvg%20viewBox%3D%220%200%20100%%20100%%22%20width%3D%22100%%22%20height%3D%22100%%22%20xmlns%3D%22http%3A%2F%2Fwww.w3.org%2F2000%2Fsvg%22%3E%3Crect%20width%3D%22100%%22%20height%3D%22100%%22%20fill%3D%22transparent%22%2F%3E%3C%2Fsvg%3E\" alt=\"\" class=\"wp-image-1170\" style=\"width:406px;height:406px\" old-srcset=\"https:\/\/mlmuispqghfu.i.optimole.com\/w:auto\/h:auto\/q:mauto\/f:best\/https:\/\/www.prizmaconsulting.hu\/wp-content\/uploads\/2023\/09\/scial.png 446w, https:\/\/mlmuispqghfu.i.optimole.com\/w:300\/h:300\/q:mauto\/f:best\/https:\/\/www.prizmaconsulting.hu\/wp-content\/uploads\/2023\/09\/scial.png 300w, https:\/\/mlmuispqghfu.i.optimole.com\/w:150\/h:150\/q:mauto\/rt:fill\/g:ce\/f:best\/https:\/\/www.prizmaconsulting.hu\/wp-content\/uploads\/2023\/09\/scial.png 150w\" \/><\/figure><\/div><\/div>\n<\/div>\n\n\n\n<h3 class=\"wp-block-heading\">G &#8211; mint Government, azaz Gazdas\u00e1g <\/h3>\n\n\n\n<p style=\"font-size:18px\">A fenntarthat\u00f3 gazdas\u00e1g azt jelenti, hogy az anyagi javak \u00e9s szolg\u00e1ltat\u00e1sok el\u0151\u00e1ll\u00edt\u00e1sa, eloszt\u00e1sa \u00e9s felhaszn\u00e1l\u00e1sa megfelel a jelen sz\u00fcks\u00e9gleteinek, de nem k\u00e1ros\u00edtja a j\u00f6v\u0151 gener\u00e1ci\u00f3k lehet\u0151s\u00e9geit a saj\u00e1t sz\u00fcks\u00e9gleteik kiel\u00e9g\u00edt\u00e9s\u00e9re. <\/p>\n\n\n\n<p style=\"font-size:18px\">A &#8222;gazdas\u00e1got&#8221; v\u00e1llalatok eset\u00e9ben a gazd\u00e1lkod\u00e1ssal, v\u00e1llalatir\u00e1ny\u00edt\u00e1ssal azonos\u00edtjuk.<\/p>\n\n\n\n<div class=\"wp-block-columns is-layout-flex wp-container-core-columns-is-layout-4 wp-block-columns-is-layout-flex\">\n<div class=\"wp-block-column is-layout-flow wp-block-column-is-layout-flow\"><div class=\"wp-block-image\">\n<figure class=\"aligncenter size-full\"><img data-opt-src=\"https:\/\/mlmuispqghfu.i.optimole.com\/w:auto\/h:auto\/q:mauto\/f:best\/http:\/\/www.prizmaconsulting.hu\/wp-content\/uploads\/2023\/09\/government.png\"  decoding=\"async\" width=\"446\" height=\"460\" src=\"data:image/svg+xml,%3Csvg%20viewBox%3D%220%200%20100%%20100%%22%20width%3D%22100%%22%20height%3D%22100%%22%20xmlns%3D%22http%3A%2F%2Fwww.w3.org%2F2000%2Fsvg%22%3E%3Crect%20width%3D%22100%%22%20height%3D%22100%%22%20fill%3D%22transparent%22%2F%3E%3C%2Fsvg%3E\" alt=\"\" class=\"wp-image-1172\" old-srcset=\"https:\/\/mlmuispqghfu.i.optimole.com\/w:auto\/h:auto\/q:mauto\/f:best\/https:\/\/www.prizmaconsulting.hu\/wp-content\/uploads\/2023\/09\/government.png 446w, https:\/\/mlmuispqghfu.i.optimole.com\/w:291\/h:300\/q:mauto\/f:best\/https:\/\/www.prizmaconsulting.hu\/wp-content\/uploads\/2023\/09\/government.png 291w\" \/><\/figure><\/div><\/div>\n\n\n\n<div class=\"wp-block-column is-layout-flow wp-block-column-is-layout-flow\">\n<ul class=\"wp-block-list\">\n<li style=\"font-size:16px\"><strong>Fenntarthat\u00f3 termel\u00e9s<\/strong>: termel\u00e9si folyamatok, amelyek cs\u00f6kkentik a k\u00f6rnyezeti hat\u00e1sokat \u00e9s minimaliz\u00e1lj\u00e1k a hullad\u00e9kot, valamint az er\u0151forr\u00e1sok hat\u00e9kony felhaszn\u00e1l\u00e1s\u00e1t teszik lehet\u0151v\u00e9.<\/li>\n\n\n\n<li style=\"font-size:16px\"><strong>Fenntarthat\u00f3 fogyaszt\u00e1s<\/strong>: fogyaszt\u00e1si szok\u00e1sok, amelyek t\u00e1mogatj\u00e1k a tudatos v\u00e1s\u00e1rl\u00e1st \u00e9s a hullad\u00e9kcs\u00f6kkent\u00e9st.<\/li>\n\n\n\n<li style=\"font-size:16px\"><strong>K\u00f6rforg\u00e1s, \u00fajrahasznos\u00edt\u00e1s: <\/strong>folyamatok, melyek t\u00e1mogatj\u00e1k, hogy az el\u0151\u00e1ll\u00edtott term\u00e9keink \u00fajrahasznos\u00edthat\u00f3k legyenek, valamint arra, hogy a felhaszn\u00e1lt alapanyagok \u00e9s csomagol\u00f3anyagok \u00fajrahasznos\u00edtott vagy k\u00f6rnyezetbar\u00e1t \u00f6sszetev\u0151kb\u0151l k\u00e9sz\u00fcljenek.<\/li>\n\n\n\n<li style=\"font-size:16px\"><strong>Hullad\u00e9kgazd\u00e1lkod\u00e1s: <\/strong>viselked\u00e9si norma<strong>, <\/strong>mert<strong> <\/strong>mindenki termel hullad\u00e9kot! K\u00e9rd\u00e9s, hogy mennyit \u00e9s hogyan szabadul meg t\u0151le. Sz\u00e1mos j\u00f3 p\u00e9lda vesz benn\u00fcnket k\u00f6r\u00fcl arra vonatkoz\u00f3an, hogyan lehet ezt a k\u00f6rnyezt\u00fcnk k\u00e1ros\u00edt\u00e1sa n\u00e9lk\u00fcl megval\u00f3s\u00edtani.<\/li>\n<\/ul>\n<\/div>\n<\/div>\n\n\n\n<hr class=\"wp-block-separator alignfull has-alpha-channel-opacity is-style-wide\"\/>\n\n\n\n<h2 class=\"wp-block-heading\">Fenntarthat\u00f3s\u00e1gi Strat\u00e9gia<\/h2>\n\n\n\n<p style=\"font-size:18px\">Minden v\u00e1llalatnak saj\u00e1t Fenntarthat\u00f3s\u00e1gi Strat\u00e9gi\u00e1t kell alkotnia! <\/p>\n\n\n\n<h3 class=\"wp-block-heading\">Mi hogyan csin\u00e1ljuk?<\/h3>\n\n\n\n<p style=\"font-size:18px\">Saj\u00e1t m\u00f3dszertannal, k\u00f6vetkezetesen, nagy odaad\u00e1ssal illesztj\u00fck r\u00e1 a v\u00e1llalat aktu\u00e1lis m\u0171k\u00f6d\u00e9s\u00e9re. Fontosnak tartjuk, hogy a v\u00e9geredm\u00e9ny illeszkedjen a m\u00e1r kialakult v\u00e1llalati kult\u00far\u00e1ba, mert a t\u00fal nagy v\u00e1ltoz\u00e1s nem lesz fenntarthat\u00f3.<\/p>\n\n\n\n<p style=\"font-size:18px\">Az \u00faj strat\u00e9gi\u00e1t nem csak kialak\u00edtani kell, hanem \u00e9letben tartani, m\u0171k\u00f6dtetni, \u00e9s ez csak \u00fagy biztos\u00edthat\u00f3, ha a v\u00e1ltoz\u00e1s mik\u00e9ntj\u00e9t is r\u00e9szletesen megtervezz\u00fck, majd k\u00f6vetkezetesen v\u00e9grehajtjuk.<\/p>\n\n\n\n<h3 class=\"wp-block-heading\">A bevezet\u00e9s m\u00f3dszertana<\/h3>\n\n\n\n<figure class=\"wp-block-image size-large\"><img data-opt-src=\"https:\/\/mlmuispqghfu.i.optimole.com\/w:1024\/h:431\/q:mauto\/f:best\/https:\/\/www.prizmaconsulting.hu\/wp-content\/uploads\/2023\/09\/modszertan.png\"  decoding=\"async\" width=\"1024\" height=\"431\" src=\"data:image/svg+xml,%3Csvg%20viewBox%3D%220%200%201024%20431%22%20width%3D%221024%22%20height%3D%22431%22%20xmlns%3D%22http%3A%2F%2Fwww.w3.org%2F2000%2Fsvg%22%3E%3Crect%20width%3D%221024%22%20height%3D%22431%22%20fill%3D%22transparent%22%2F%3E%3C%2Fsvg%3E\" alt=\"\" class=\"wp-image-1173\" style=\"object-fit:cover\" old-srcset=\"https:\/\/mlmuispqghfu.i.optimole.com\/w:1024\/h:431\/q:mauto\/f:best\/https:\/\/www.prizmaconsulting.hu\/wp-content\/uploads\/2023\/09\/modszertan.png 1024w, https:\/\/mlmuispqghfu.i.optimole.com\/w:300\/h:126\/q:mauto\/f:best\/https:\/\/www.prizmaconsulting.hu\/wp-content\/uploads\/2023\/09\/modszertan.png 300w, https:\/\/mlmuispqghfu.i.optimole.com\/w:768\/h:324\/q:mauto\/f:best\/https:\/\/www.prizmaconsulting.hu\/wp-content\/uploads\/2023\/09\/modszertan.png 768w, https:\/\/mlmuispqghfu.i.optimole.com\/w:1536\/h:647\/q:mauto\/f:best\/https:\/\/www.prizmaconsulting.hu\/wp-content\/uploads\/2023\/09\/modszertan.png 1536w, https:\/\/mlmuispqghfu.i.optimole.com\/w:auto\/h:auto\/q:mauto\/f:best\/https:\/\/www.prizmaconsulting.hu\/wp-content\/uploads\/2023\/09\/modszertan.png 1747w\" \/><\/figure>\n\n\n\n<ol class=\"wp-block-list\">\n<li style=\"font-size:18px\"><strong>Jelenlegi helyzet:<\/strong> Egy audit keret\u00e9ben azonos\u00edtjuk a legink\u00e1bb \u00e9rintett ter\u00fcleteket \u00e9s azokat a kih\u00edv\u00e1sokat, amelyekkel pozit\u00edv hat\u00e1sok \u00e9rhet\u0151k el.<\/li>\n\n\n\n<li style=\"font-size:18px\"><strong>C\u00e9lok meghat\u00e1roz\u00e1sa:<\/strong>  A c\u00e9loknak \u00f6sszhangban kell lennie a v\u00e1llalat \u00e9rt\u00e9keivel \u00e9s azokkal a v\u00e1llal\u00e1sokkal amivel a v\u00e1llalat a k\u00f6rnyezetre gyakorolt hat\u00e1s\u00e1t fel\u00fcgyelni tudja.<\/li>\n\n\n\n<li style=\"font-size:18px\"><strong>Cselekv\u00e9si terv: <\/strong>Int\u00e9zked\u00e9sek list\u00e1ja, amely mag\u00e1ban foglalja a sz\u00fcks\u00e9ges forr\u00e1sokat, felel\u0151s\u00f6ket \u00e9s hat\u00e1rid\u0151ket, valamint az er\u0151forr\u00e1sok \u00e9s eredm\u00e9nyek nyomon k\u00f6vet\u00e9s\u00e9t.<\/li>\n\n\n\n<li style=\"font-size:18px\"><strong>Kommunik\u00e1ci\u00f3: <\/strong>Fontos a kommunik\u00e1ci\u00f3 az \u00e9rintett felekkel \u00e9s a nyilv\u00e1noss\u00e1ggal. Ez n\u00f6veli a v\u00e1llalat hiteless\u00e9g\u00e9t, vonz\u00f3bb\u00e1 teszi a szervezetet.<\/li>\n\n\n\n<li style=\"font-size:18px\"><strong>Nyomon k\u00f6vet\u00e9s:<\/strong> A cselekv\u00e9si terv rendszeres \u00e9rt\u00e9kel\u00e9se. Ha sz\u00fcks\u00e9ges, a tervet m\u00f3dos\u00edtani kell az \u00faj inform\u00e1ci\u00f3k \u00e9s kih\u00edv\u00e1soknak megfelel\u0151en.<\/li>\n<\/ol>\n\n\n\n<hr class=\"wp-block-separator alignfull has-alpha-channel-opacity is-style-wide\"\/>\n\n\n\n<div class=\"wp-block-buttons is-layout-flex wp-block-buttons-is-layout-flex\">\n<div class=\"wp-block-button has-custom-width wp-block-button__width-50 has-custom-font-size alignleft\" style=\"font-size:18px\"><a class=\"wp-block-button__link has-background wp-element-button\" href=\"https:\/\/www.prizmaconsulting.hu\/\" style=\"border-radius:0px;background-color:#117aa7\">Vissza a kezd\u0151oldalra<\/a><\/div>\n\n\n\n<div class=\"wp-block-button has-custom-width wp-block-button__width-50 has-custom-font-size alignright\" style=\"font-size:18px\"><a class=\"wp-block-button__link has-background wp-element-button\" href=\"https:\/\/www.prizmaconsulting.hu\/?page_id=356\" style=\"border-radius:0px;background-color:#117aa7\">Aj\u00e1nlatk\u00e9r\u00e9s<\/a><\/div>\n<\/div>\n","protected":false},"excerpt":{"rendered":"<p>&#8222;Els\u0151rend\u0171 c\u00e9l, hogy a v\u00e1llalkoz\u00e1s profitot termeljen. De bolond, aki azt hiszi, hogy csak ez a c\u00e9l. Hiszen egy hossz\u00fa t\u00e1v\u00fa c\u00e9lt kell k\u00f6vetnie, hogy fenntarthat\u00f3ak legyenek a folyamatok, hogy &#8230;<\/p>\n","protected":false},"author":1,"featured_media":412,"parent":0,"menu_order":0,"comment_status":"closed","ping_status":"closed","template":"","meta":{"_themeisle_gutenberg_block_has_review":false,"_ti_tpc_template_sync":false,"_ti_tpc_template_id":"","footnotes":""},"class_list":["post-796","page","type-page","status-publish","has-post-thumbnail","hentry"],"_links":{"self":[{"href":"https:\/\/www.prizmaconsulting.hu\/index.php?rest_route=\/wp\/v2\/pages\/796","targetHints":{"allow":["GET"]}}],"collection":[{"href":"https:\/\/www.prizmaconsulting.hu\/index.php?rest_route=\/wp\/v2\/pages"}],"about":[{"href":"https:\/\/www.prizmaconsulting.hu\/index.php?rest_route=\/wp\/v2\/types\/page"}],"author":[{"embeddable":true,"href":"https:\/\/www.prizmaconsulting.hu\/index.php?rest_route=\/wp\/v2\/users\/1"}],"replies":[{"embeddable":true,"href":"https:\/\/www.prizmaconsulting.hu\/index.php?rest_route=%2Fwp%2Fv2%2Fcomments&post=796"}],"version-history":[{"count":22,"href":"https:\/\/www.prizmaconsulting.hu\/index.php?rest_route=\/wp\/v2\/pages\/796\/revisions"}],"predecessor-version":[{"id":1438,"href":"https:\/\/www.prizmaconsulting.hu\/index.php?rest_route=\/wp\/v2\/pages\/796\/revisions\/1438"}],"wp:featuredmedia":[{"embeddable":true,"href":"https:\/\/www.prizmaconsulting.hu\/index.php?rest_route=\/wp\/v2\/media\/412"}],"wp:attachment":[{"href":"https:\/\/www.prizmaconsulting.hu\/index.php?rest_route=%2Fwp%2Fv2%2Fmedia&parent=796"}],"curies":[{"name":"wp","href":"https:\/\/api.w.org\/{rel}","templated":true}]}}