{"id":1181,"date":"2023-09-25T11:17:49","date_gmt":"2023-09-25T12:17:49","guid":{"rendered":"https:\/\/www.prizmaconsulting.hu\/?page_id=1181"},"modified":"2023-11-06T15:38:28","modified_gmt":"2023-11-06T16:38:28","slug":"impresszumka","status":"publish","type":"page","link":"https:\/\/www.prizmaconsulting.hu\/?page_id=1181","title":{"rendered":"Impresszum"},"content":{"rendered":"\n<p class=\"has-text-align-left has-medium-font-size\">Ad\u00f3sz\u00e1m: 21746996-2-43<\/p>\n\n\n\n<p class=\"has-medium-font-size\">K\u00f6z\u00f6ss\u00e9gi ad\u00f3sz\u00e1m: HU 21746996<\/p>\n\n\n\n<p class=\"has-text-align-left has-medium-font-size\">C\u00e9gjegyz\u00e9ksz\u00e1m: 01-06-795757<\/p>\n\n\n\n<p class=\"has-text-align-left has-medium-font-size\">Sz\u00e9khely: 1094, Budapest, Tompa u. 17\/b<\/p>\n\n\n\n<p style=\"font-size:18px\">C\u00e9gtulajdonos (beltag):<strong> Csomort\u00e1ni T\u00fcnde<\/strong><\/p>\n\n\n\n<p style=\"font-size:18px\">T\u00e1rhelyszolg\u00e1ltat\u00f3: <strong>Rackhost Kft<\/strong><\/p>\n\n\n\n<hr class=\"wp-block-separator has-alpha-channel-opacity is-style-wide\"\/>\n\n\n\n<div class=\"wp-block-buttons is-layout-flex wp-block-buttons-is-layout-flex\">\n<div class=\"wp-block-button has-custom-width wp-block-button__width-100 has-custom-font-size alignleft is-style-outline is-style-outline--1\" style=\"font-size:18px\"><a class=\"wp-block-button__link has-white-color has-text-color has-background wp-element-button\" href=\"https:\/\/www.prizmaconsulting.hu\/\" style=\"border-radius:0px;background-color:#117aa7\">Vissza a kezd\u0151oldalra<\/a><\/div>\n<\/div>\n","protected":false},"excerpt":{"rendered":"<p>Ad\u00f3sz\u00e1m: 21746996-2-43 K\u00f6z\u00f6ss\u00e9gi ad\u00f3sz\u00e1m: HU 21746996 C\u00e9gjegyz\u00e9ksz\u00e1m: 01-06-795757 Sz\u00e9khely: 1094, Budapest, Tompa u. 17\/b C\u00e9gtulajdonos (beltag): Csomort\u00e1ni T\u00fcnde T\u00e1rhelyszolg\u00e1ltat\u00f3: Rackhost Kft<\/p>\n","protected":false},"author":1,"featured_media":402,"parent":0,"menu_order":0,"comment_status":"closed","ping_status":"closed","template":"","meta":{"_themeisle_gutenberg_block_has_review":false,"_ti_tpc_template_sync":false,"_ti_tpc_template_id":"","footnotes":""},"class_list":["post-1181","page","type-page","status-publish","has-post-thumbnail","hentry"],"_links":{"self":[{"href":"https:\/\/www.prizmaconsulting.hu\/index.php?rest_route=\/wp\/v2\/pages\/1181","targetHints":{"allow":["GET"]}}],"collection":[{"href":"https:\/\/www.prizmaconsulting.hu\/index.php?rest_route=\/wp\/v2\/pages"}],"about":[{"href":"https:\/\/www.prizmaconsulting.hu\/index.php?rest_route=\/wp\/v2\/types\/page"}],"author":[{"embeddable":true,"href":"https:\/\/www.prizmaconsulting.hu\/index.php?rest_route=\/wp\/v2\/users\/1"}],"replies":[{"embeddable":true,"href":"https:\/\/www.prizmaconsulting.hu\/index.php?rest_route=%2Fwp%2Fv2%2Fcomments&post=1181"}],"version-history":[{"count":5,"href":"https:\/\/www.prizmaconsulting.hu\/index.php?rest_route=\/wp\/v2\/pages\/1181\/revisions"}],"predecessor-version":[{"id":1190,"href":"https:\/\/www.prizmaconsulting.hu\/index.php?rest_route=\/wp\/v2\/pages\/1181\/revisions\/1190"}],"wp:featuredmedia":[{"embeddable":true,"href":"https:\/\/www.prizmaconsulting.hu\/index.php?rest_route=\/wp\/v2\/media\/402"}],"wp:attachment":[{"href":"https:\/\/www.prizmaconsulting.hu\/index.php?rest_route=%2Fwp%2Fv2%2Fmedia&parent=1181"}],"curies":[{"name":"wp","href":"https:\/\/api.w.org\/{rel}","templated":true}]}}